, what is -3131 - -2113030?
2103233
In base 16, what is 1087a1 - -4?
1087a5
In base 15, what is 10 - 3e25?
-3e15
In base 15, what is -3 + -18863?
-18866
In base 11, what is -1 - -724448?
724447
In base 12, what is -2 + 1ab7?
1ab5
In base 5, what is 111 - 22203?
-22042
In base 14, what is 16cc + 8?
16d6
In base 8, what is 4 + -1002046?
-1002042
In base 3, what is -22111002202 + -12?
-22111002221
In base 11, what is -9 - -4189?
4180
In base 14, what is -90d8 + 1c?
-90ba
In base 3, what is 211221 - 1210?
210011
In base 5, what is 1103 + 21214?
22322
In base 12, what is 11b7 + 23?
121a
In base 6, what is -315 + -1?
-320
In base 6, what is -2441 - -44343?
41502
In base 12, what is 5b0b2 + -4?
5b0aa
In base 9, what is 340 + 863?
1313
In base 3, what is 1102202002 + 20?
1102202022
In base 11, what is 291 - 48?
244
In base 16, what is -2 - 398b?
-398d
In base 11, what is 1 + -6449?
-6448
In base 5, what is -32 - -21232?
21200
In base 7, what is 1114 - -353?
1500
In base 16, what is 4 - 2a29d?
-2a299
In base 12, what is 13 + ba2?
bb5
In base 10, what is -9 - -2715?
2706
In base 2, what is -1101 - 11011011001101111?
-11011011001111100
In base 8, what is -300 - -30?
-250
In base 8, what is -4 + 774?
770
In base 6, what is -2 - -521221?
521215
In base 16, what is 31b3 - 5?
31ae
In base 7, what is 113612 + 64?
114006
In base 9, what is -23 - 7147?
-7171
In base 7, what is 601630 + -1?
601626
In base 8, what is 241775 + 3?
242000
In base 8, what is 1162146 + -2?
1162144
In base 5, what is 2402324 + 14?
2402343
In base 2, what is -1101 - 11100001?
-11101110
In base 14, what is -7741 + 2c?
-7713
In base 2, what is -10010 - -100011011101000111?
100011011100110101
In base 14, what is -282ab - 4?
-282b1
In base 4, what is 200333310 + -10?
200333300
In base 13, what is 1a - -c438?
c455
In base 7, what is -2340 + -2505?
-5145
In base 15, what is 6e6d1 + -4?
6e6cc
In base 4, what is 13 - 2013212?
-2013133
In base 13, what is 300 + -5?
2c8
In base 12, what is 0 - 1a24ab?
-1a24ab
In base 11, what is 1775 + -34?
1741
In base 15, what is 46271 - -4?
46275
In base 15, what is -13767a - 2?
-13767c
In base 8, what is -12373 + -124?
-12517
In base 13, what is -9 + 1577c?
15773
In base 3, what is -100 - -10221221200?
10221221100
In base 13, what is -5 - 4960?
-4965
In base 12, what is 11560 + -18?
11544
In base 8, what is -2 + -44346?
-44350
In base 16, what is 44 - f2?
-ae
In base 5, what is -2441 - 2020?
-10011
In base 7, what is -305 - -5434?
5126
In base 5, what is -12201243 - 10?
-12201303
In base 15, what is 2c3 - -297?
56a
In base 14, what is 2169b + -32?
21669
In base 15, what is -21 + 737?
716
In base 5, what is -3 + -1121214?
-1121222
In base 6, what is 335152 + 23?
335215
In base 7, what is 15 + -3323023?
-3323005
In base 8, what is 2 - 725023?
-725021
In base 5, what is 42241222 + 4?
42241231
In base 6, what is -1332344 + -2?
-1332350
In base 7, what is 10234 + -22?
10212
In base 14, what is -610 + -5?
-615
In base 4, what is -3330 + -211?
-10201
In base 6, what is -3 + -2041024?
-2041031
In base 5, what is 332 + -112142?
-111310
In base 10, what is -18419 - -4?
-18415
In base 4, what is -1001 - 1233311?
-1300312
In base 8, what is 3361 - 31?
3330
In base 2, what is 110110 - 11000101111100?
-11000101000110
In base 8, what is -267040 - 0?
-267040
In base 8, what is -377 + 167?
-210
In base 7, what is 1305135 + 1?
1305136
In base 13, what is 3 - 63bb2?
-63bac
In base 13, what is -586b + -22?
-5890
In base 16, what is -6e8a5 + -3?
-6e8a8
In base 6, what is -45425 - -545?
-44440
In base 2, what is 101011111010111000 - 1001?
101011111010101111
In base 14, what is a5 - -4d4c?
5013
In base 4, what is -13123123 + -22?
-13123211
In base 9, what is 132 + 7?
140
In base 14, what is -a - 142d?
-1439
In base 10, what is -20833 + 93?
-20740
In base 13, what is 13 - -b428?
b43b
In base 16, what is 945 + 7?
94c
In base 7, what is -4 - -20564?
20560
In base 2, what is -100011010110010 + 1001?
-100011010101001
In base 3, what is -11022112 - -110112?
-10212000
In base 5, what is -1330 - -2410?
1030
In base 5, what is -111 - -141124?
141013
In base 10, what is -2974 + 24?
-2950
In base 9, what is -48067 + 4?
-48063
In base 16, what is 8343b + -5?
83436
In base 7, what is -2 + 1221626?
1221624
In base 7, what is -22 + -431053?
-431105
In base 16, what is 5a - -1a1?
1fb
In base 9, what is -83 + 251?
157
In base 11, what is -153 - -3605?
3462
In base 8, what is -142 - 544?
-706
In base 12, what is -2551 - -2?
-254b
In base 4, what is 1120231100 + 3?
1120231103
In base 5, what is 113 - 11404?
-11241
In base 6, what is -5 - 1513405?
-1513414
In base 14, what is -106 - -12b0?
11a8
In base 16, what is -1303 + -c6?
-13c9
In base 11, what is 183 + -691?
-509
In base 16, what is 16 - -fe?
114
In base 5, what is -4222021 - 4?
-4222030
In base 6, what is -451033 + -3?
-451040
In base 15, what is 32926 - 4?
32922
In base 9, what is 10 - -20218?
20228
In base 11, what is 1513 + -6?
1508
In base 16, what is -11c59d + -3?
-11c5a0
In base 12, what is 71 - -13?
84
In base 11, what is -42 - -725?
693
In base 11, what is -8 - -12514?
12507
In base 3, what is -101011002 + 100?
-101010202
In base 2, what is 10111011010 - -1100110?
11001000000
In base 7, what is -3055 + -10?
-3065
In base 6, what is -24 - 533?
-1001
In base 2, what is -1111010011001111 + -1?
-1111010011010000
In base 14, what is -1 + 3c23?
3c22
In base 4, what is 30030301 + 1?
30030302
In base 15, what is 367aea + 2?
367aec
In base 9, what is 321323 + -4?
321318
In base 9, what is 4 - -7414?
7418
In base 6, what is -313 - -323?
10
In base 9, what is 11 + 13702?
13713
In base 14, what is -2 - -3a5b?
3a59
In base 8, what is 172623 - 4?
172617
In base 14, what is 14 - -401c9?
401dd
In base 5, what is -4 - -140011003?
140010444
In base 13, what is -40 - -3b1?
371
In base 9, what is -2 - 22477?
-22480
In base 16, what is 19 + -d2d?
-d14
In base 9, what is 4450 - 7?
4442
In base 12, what is -9 + -13a50?
-13a59
In base 12, what is -8 + -89a2?
-89aa
In base 10, what is -2815 - 17?
-2832
In base 11, what is 0 - 41965?
-41965
In base 13, what is 2a8294 - -1?
2a8295
In base 10, what is 3294 + 473?
3767
In base 10, what is -10 - 1311?
-1321
In base 8, what is -1 + -371055?
-371056
In base 12, what is 2 + 8a415?
8a417
In base 6, what is -20 + 1123524?
1123504
In base 3, what is 10010 + 20100000?
20110010
In base 11, what is 30a24a6 - 4?
30a24a2
In base 8, what is -4 + 161664?
161660
In base 16, what is -19 + -2f5?
-30e
In base 16, what is -1a + 17f42?
17f28
In base 15, what is 1 - -35147?
35148
In base 6, what is 12 - 15442?
-15430
In base 7, what is 331 + 32313?
32644
In base 13, what is -15 + 667a6?
66791
In base 16, what is 0 - -11e39?
11e39
In base 16, what is 3 - -1ea4?
1ea7
In base 8, what is -232450 - -1?
-232447
In base 7, what is 3 + 2116022?
2116025
In base 3, what is 1002002110 - -121?
1002010001
In base 15, what is -1353 - 9?
-135c
In base 9, what is -441625 + 4?
-441621
In base 10, what is 185 - -5381?
5566
In base 12, what is -78 - 5658?
-5714
In base 9, what is 60 + 2474?
2544
In base 5, what is -120402 - 204?
-121111
In base 5, what is -310023 - 4?
-310032
In base 6, what is 3544202 + -2?
3544200
In base 15, what is 131 + -28a?
-159
In base 16, what is -15a5 + -11?
-15b6
In base 8, what is -12 - 72215?
-72227
In base 5, what is 12300221 + 20?
12300241
In base 12, what is -348a - 113?
-35a1
In base 7, what is -4 - -322540?
322533
In base 7, what is 322 + 1026?
1351
In base 12, what is -193051 + 0?
-193051
In base 6, what is -204252 - 1250?
-205542
In base 4, what is -3 + 1120010011?
1120010002
In base 6, what is 1010 + 1223?
2233
In base 8, what is 1315 + -64?
1231
In base 2, what is 1010101010101 - 101?
1010101010000
In base 7, what is -233 - -205?
-25
In base 8, what is -5 + -223553?
-223560
In base 14, what is 1511 - -19c?
16ad
In base 5, what is -231 + -11224?
-12010
In base 16, what is -58c03 + -4?
-58c07
In base 12, what is 240a + 8?
2416
In base 16, what is -5 - -11ec?
11e7
In base 9, what is 66 - 11057?
-10881
In base 16, what is -13c2 + 3?
-13bf
In base 15, what is 3 - -7e47?
7e4a
In base 16, what is -89 - dc?
-165
In base 14, what is 189 + 2?
18b
In base 5, what is 4 - -1133321?
1133330
In base 5, what is 142041022 + -10